lue of 48 + -36 + 0 + -7?
5
Calculate 2 + 140 + (-1254 - -1064).
-48
3860 + -3979 - (-17 + 2)
-104
What is 36 + (-1 + 0 - -2) - (-34885 - -34894)?
28
Evaluate -123 + 101 + 15 + 149.
142
Calculate -22 - (-19 + 4) - 8.
-15
Calculate -142 + 7 + -205 + 227.
-113
Calculate -16 + (38 - 25 - 13) - -46.
30
What is the value of (-20 + 4 - -81) + (21 - (-10 - -13))?
83
Evaluate -46 + 41 + 6 + -11 + 12 + 46 + 2.
50
What is the value of 149 + 25 + -32 - ((-19 - -8) + 19)?
134
Evaluate 16 - ((1 - -1) + (95 - 122)).
41
What is the value of 9 - (45 + -62 + 47)?
-21
49 - (3 + -20 - -65)
1
What is (22 - 18) + -33 + 20?
-9
Evaluate 11481 + -11522 + 156 + 1.
116
8 - (-26 - (9 - 28)) - (-5 - 60)
80
Calculate (-2 + 10 + -12 - -12) + -12 + -27 + -1.
-32
What is the value of 113 + (21 - (4 + (20 - 2))) + -1 + -13?
98
Calculate (-32 - -11) + 8 + 163 + -8 + -17.
125
6 + 1 - (-2377 - -2399)
-15
Calculate 16 + (-127 - 5) + 116.
0
Evaluate 2 + -23 + (17 - -36).
32
What is the value of -66 + (-105 - -90) + 16?
-65
What is the value of -1 - (11 + (-16 - -9) + 13 - 10 - 28)?
20
Evaluate 37 + -21 + 1 - (5 + -12 + 6 - -2).
16
What is the value of -78 + (-60 - -122) - (1 + -5) - -15?
3
What is (40 - (-3 - -41) - -6) + -146?
-138
Evaluate -7 + 0 + (-25 - 87) + 17.
-102
(4 + -11 - 6) + -5 + 7
-11
0 + -52 + 2 - (23 + 103 - 117)
-59
-15 - 0 - (-56 + 14 + -2 - -45)
-16
Evaluate -3 - (26 - 22 - (106 + -10 + 1)).
90
What is 8 + (-1 - 8) + 26?
25
What is 643 + -644 - (-2 - (-17 + -3))?
-19
What is 90 + -16 + 4 + (-39 - -40) - 1?
78
-122 - (0 + 6 + -10 - (-82 - -63))
-137
Calculate (9 - (25 + -86)) + -40.
30
What is -24 - ((19 - 25) + -5 + -89) - 17?
59
Calculate -51 + 109 - 55 - (42 + (2 - 3)).
-38
What is -103 + 78 + (-3 - -61)?
33
Calculate 1 - ((7 - 50) + -3) - (105 - 100).
42
Evaluate -22 - (-25 - (-11 - -9)).
1
Calculate (-134 - -194) + (1 - (-2 + 8)) + 1 + 4.
60
Evaluate 17 + -6 + -1 + -74.
-64
What is -14 - -1 - (-175 + 122)?
40
What is the value of 31 + (5 - (-54 + 50))?
40
Evaluate (-16 - (2 + -3)) + (26 - (-85 - -83)).
13
What is (-17 - (-30 + 23)) + (6 + -73 - (-1 - 2))?
-74
37 + -8 + 28 + 18 + -10
65
-164 + 116 + (-1 - 0 - -3) + -4 + 4
-46
What is (153 - 48) + -39 - 189?
-123
What is the value of -65 - (1 + 2 - (11 + 9))?
-48
Calculate -33 - ((-28 - (-32 + 10)) + -15) - (-3 - 35).
26
What is (1 - (-2 + -1)) + (-112 - -119) + -10 - 11?
-10
Calculate (68 + -39 - (-4 - 1)) + (6 - 9 - -9).
40
What is the value of -51 + 36 - -58 - 50?
-7
Calculate (-26 - (-70 - -46)) + -45.
-47
Evaluate -17 - -4 - 70 - -49.
-34
What is (-4 + (-2 - 1) + -100 + 102 - -1) + 51?
47
Calculate 5 + (-18 - -70) + (12 - 0) - 10.
59
What is -17 - 4 - (1218 - 1269)?
30
Calculate 55 + -44 + -60 - 14.
-63
What is (5 + -1 - (-15 + -21 + 43)) + 2 + 10?
9
What is the value of 6 + -5 + (-92 - (38 + -40))?
-89
2 + -4 + 32 + (12 - (-49 + 23 + 46))
22
14 - (-26 + (41 - 11) + -35)
45
What is 0 + -2 + -1 + 10 - 7 - 7?
-7
What is 7 + 3 + (0 + -2 - 1) - (59 - 19)?
-33
Evaluate -26 + -5 - (-38 + 43) - -18.
-18
What is the value of (-78 - (99 - 167)) + (1 - -54)?
45
Evaluate (47 - 93) + 21 - (5 - -40).
-70
Calculate (-106 - -53 - -108) + -43 + 0.
12
Calculate (6 + -5 - -77) + (-136 - -114).
56
What is the value of 66 + -27 + 7 + -20 + 18?
44
What is the value of (-94 - (-100 + 52)) + 14 + 0?
-32
155 + -77 + -68 + 1 + -24 + 76
63
What is -16 + 0 - (28 + -59 + 49 + -17)?
-17
What is 6 - (-35 - -30 - ((21 - 15) + (1 - 66)))?
-48
Evaluate (-18 - -1) + (31 + -38 - -34) + -39.
-29
10 - (-12 + (-4 - 3) - 17)
46
Calculate (-29 - (66 - 98)) + -1 + -2.
0
Evaluate 0 - ((-4 - -2) + 38 + 1 + 3) - 3.
-43
What is -54 - -55 - (-9 - (7 - 3 - -8))?
22
Evaluate -43 + (6 - (-4 + 9) - (-41 + 59 - 25)).
-35
What is (-14 - (-77 - (-12 - -25))) + (-7 - -17)?
86
Calculate 6 - (-3 - (33 + -5 + -14 + 0)).
23
What is (-90 - -30) + 9 + 65 - (0 - -108)?
-94
(37 - 2) + 90 + (-101 - -24)
48
Calculate ((2 - -6) + 2 + -5 - 8) + (697 - 687).
7
What is the value of -87 - (-61 + -38 + 62)?
-50
Calculate (23 + 63 - 73) + -43.
-30
-123 + (12 - -40 - -25)
-46
(0 - ((-3 - -10) + 30)) + -9 - 3 - 8
-57
Evaluate 1 - (-31 + -2 + 4) - (86 - (289 - 212)).
21
Evaluate (-6 - -39) + -5 + -1 + -1 - 3.
23
What is the value of (7 - (64 - (29 + 54))) + -19 + -1?
6
Calculate 54 + -51 + 2 + -3 + (-12 - -3 - 12).
-19
Calculate 147 - (8 + 9 + -28 - (-11 - -10)).
157
Calculate (8 - (-10 + 15)) + -2 + 7 + -20 - 9.
-21
What is 44 - (-18 - 26 - -13)?
75
What is the value of (-3 - (4 + 27 - 58)) + -23?
1
Evaluate -52 + (-3 - (-10 - 2)) + (17 - 16).
-42
What is (58 - 1) + ((-19 - -8) + -7 - -10)?
49
What is 2 + 6 + 8 + (-7 - 9) + 6?
6
Calculate -10 - (87 + -12 + -17 + 18).
-86
Calculate -8284 - -8317 - (-1 - -10).
24
What is -68 + 72 + -34 + -35?
-65
Evaluate 22 + -1 + 80 + (-154 - -69).
16
What is 1 + (13 + -1 - 10 - 14 - 18)?
-29
0 + -22 + ((36 - 4) + -37 - -17)
-10
Evaluate (-27 - (-89 + 69)) + 22 + -2.
13
Evaluate (-24 + 38 - 1) + -33.
-20
Evaluate (2 + -89 - -169) + -47.
35
Evaluate (12 - (-1 + 21)) + -34 - -19.
-23
Evaluate (142 + -10 - 131) + (6 - 1).
6
Evaluate 1 - (61 - (22 + -2)) - -9.
-31
What is the value of (0 + 0 - 6) + 13 - (85 + 2)?
-80
What is the value of 111 - 1 - ((4 + -28 - -22) + 22 - 20)?
110
Calculate 14 - 25 - (-56 - (5 + -9)) - (4 - -3).
34
Evaluate 91 - ((-2 + 42 - 20) + 17).
54
-1 + -109 + 6 + 9 + 13 + -13 + -6
-101
Evaluate (-13 - -1) + 5 - ((-24 - (-5 + -10)) + -34).
36
Calculate -4 - (-2 + -15) - (-163 - -164) - (-4 - -47).
-31
Evaluate 14 + 13 + (0 - 21) - -22.
28
What is (-8 - -4) + (1029 - 1027 - (-141 + 3 + 0))?
136
What is 89 - (-37 + -21) - 68?
79
Evaluate -44 - -13 - (29 + 9 + -34).
-35
What is -44 + (3 + 6 + -2 - (27 + -21))?
-43
Calculate 39 + 0 - (-95 - -125) - (1 + 0 + -1).
9
What is 12 + -6 + 52 + (7 - 7) + -9?
49
(25 - (7 - -3)) + -5 + -32
-22
Evaluate 10 - 24 - 4 - (24 + -11).
-31
Evaluate 59 + -22 - 30 - -1 - 109.
-101
Calculate 20 + (1 + 18 - (-123 + 133)).
29
Evaluate (5 - -18) + (31 - (31 - -6)).
17
Calculate 1 + 25 + -63 + 16 + 30.
9
Evaluate -1196 - -1211 - (-1 + 0 + 67).
-51
What is -105 - (-30 + 13 + 15 - (12 + 2))?
-89
What is the value of (2 + -4 - (6 + (-8 - 7))) + -12 + 53?
48
What is the value of -68 - (-106 - -55) - -28?
11
What is the value of 52 + (-17 + 10 - (3 + -7)) + -13?
36
What is (122 - (13 + 99)) + (14 - -1)?
25
(12 - 2) + 2 + -12 + 13
13
What is the value of -96 - (-108 - (-64 + -13))?
-65
Evaluate (1 + 4 - (-65 + 79)) + -56.
-65
(-110 - -18) + 145 + -55
-2
Evaluate 8 + -45 + (2 - -4 - -3) + -2 + 6.
-24
Evaluate (0 + (5 - 9 - -1) - (1 - 8)) + 28.
32
Evaluate 4 - 6 - (2 + 0) - (-247 + 32 - -101).
110
Calculate (-15 - (-30 + 34) - 4) + -23.
-46
Evaluate -6 + (-42 + 16 - -12) - -17 - (-1 - 49).
47
What is the value of (2 - 1) + ((-41 + -5 - 7) + -4 - 14)?
-70
What is -2 - (6 - 22) - (13 + 1 + -4 + -11)?
15
What is 27 + 36 + -10 + (-64 - -67)?
56
What is the value of -7 + -5 + 0 - (-1 + -15)?
4
Calculate (-8 - ((-14 - (8 - (16 - -1))) + -3)) + -21.
-21
Evaluate ((6 - 40) + -20 - 10) + 25.
-39
What is 112 + (107 - 229) - -97?
87
What is the value of (-19 - (15 + -29)) + 11 + 4 - (36 + 0)?
-26
Evaluate (76 - 52) + 11 + (-15 + 3 - -6) - 14.
15
Calculate (50 - (17 + -10)) + -17 + (2 - (-3 - 3)).
34
Calculate -128 - -131 - (0 - 3) - (-14 - -134).
-114
What is the value of -18 + 18 + -18 + 20 + 53?
55
What is (-4 - (-49 - -85)) + 27?
-13
What is (0 - -3) + (-21 - -14) + (50 - 15)?
31
0 + 59 + -42 + 54 - (16 - 0)
55
(-55 - -21) + 120 + -52
34
Calculate (4 + -15 - -13) + 13 - -2.
17
Evaluate (-646 - -707) + (4 - 14).
51
What is the value of 0 + -3 + (2 - 13 - -1) - (-3787 - -3856)?
-82
Calculate (-28 - -23 - -136) + -252.
-121
What is the value of -1 - (9 - (-10 - -34) - -1) - (3 + 1)?
9
Calculate (-2 + 12 - 21) + 1 + (-4 - 3).
-17
19 + (7 - (-18 + 42))
2
What is the value of 86 + (2 + 6 - (3 - (2 - -13) - -22))?
84
What is 0 + (5 - (34 + 2)) + 4 + -7?
-34
-100 - (125 - (55 - -118))
-52
Evaluate -15 + 90 + -61 + (32 - 9).
37
573 - 517 - (2 - (-5 + (-10 - -3)))
42
Calculate (-79 + 102 - (25 - 3)) + (2 - -6).
9
What is the value of -12 + (33 - (11 + (-3 - -4))) + -30?
-21
What is the value of (-56 - (16 + -69) - (0 + 5)) + 68?
60
-6 + (4 + 0 + -10 - (39 - (-2 + 0)))
-53
What is the value of 6 - (-38 + (-9 - -5) + -16 + 11)